36). Suppose 2*l - 4*w - 66 = 0, 5*l = 3*w - 38 + i. What is the highest common factor of 22 and l?
11
Let l = -51 - -78. Let u(o) = o**2 - 19*o - 3. Let s be u(19). Let t = s - -12. What is the highest common factor of l and t?
9
Let z(q) = q**2 - 7. Let c be z(-5). Let y = 382 + -258. Suppose 196 - y = 4*h. Calculate the highest common divisor of h and c.
18
Let l(t) = 61*t + 59. Let o be l(3). Calculate the highest common divisor of 1089 and o.
121
Suppose -2*d = 4*c - 1156, 7*c + 574 = d + 10*c. Suppose 15*y - 4006 = -d. Calculate the highest common factor of 12 and y.
12
Let y = 83 - 33. Let h be 1 + 2 - (5 + -2). Let g = h + 10. What is the highest common factor of y and g?
10
Suppose 4*n + 5*x = -0*n + 6, n + 5 = 2*x. Let r = n - -10. Calculate the greatest common factor of r and 3.
3
Let n = 25 + -14. Let j(y) = -4*y**3 - 2*y**2 + 2*y - 7. Let r = 35 - 38. Let u be j(r). Calculate the highest common divisor of n and u.
11
Let q(t) = -2*t**3 - 4*t**2 + t + 10. Let j be q(-5). Let u = j + -110. Calculate the greatest common factor of 5 and u.
5
Suppose 9 = -3*b, 2*g - 371 = -4*b + 229. What is the greatest common factor of g and 68?
34
Let g(a) = a**3 + 15*a**2 + 9*a - 40. Let x be g(-7). What is the greatest common factor of 34 and x?
17
Suppose -2*w = -w - 2. Let y be (-6)/(-8)*(-6)/9*0. Suppose 0 = -s - 3*a - 14, y = 3*s + 2*s - 3*a - 20. Calculate the greatest common divisor of w and s.
1
Suppose 0 = -25*u + 5309 + 26316. Calculate the greatest common divisor of 230 and u.
115
Let p be (-12)/3 + (2 - 1). Let l be 9 + 1 + 2 - p. Let w = l + -3. Calculate the greatest common factor of w and 48.
12
Suppose 0 = 23*c - 18*c - 60. Calculate the greatest common factor of c and 52.
4
Suppose -704 = -24*x + 1504. Calculate the highest common factor of x and 8.
4
Suppose 2*o = 21 + 5. Let p = -116 - -207. Calculate the highest common divisor of o and p.
13
Suppose 3*d = -2*r + 4*r - 45, 155 = 5*r + d. Let o be r - (-9)/((-18)/4). Calculate the highest common divisor of o and 252.
28
Suppose 4*m = 7 + 9. Let h = 7 - 6. Calculate the highest common factor of m and h.
1
Let t = -26 + 28. Suppose 0 = 2*l - 4 - t. Suppose -l*i + 4*r + 76 = -89, i - 54 = r. Calculate the greatest common factor of 34 and i.
17
Let i be (1 - -5)*6*(-4)/(-16). Suppose -i = -b - 6. Calculate the highest common divisor of 27 and b.
3
Let l = -10 - -15. Let h = 37 + -78. Let w be (h + (2 - l))/(-1). Calculate the highest common factor of w and 66.
22
Suppose 22*d + 12 = 26*d. Let o(v) = 2*v**3 - 3*v**2 + 3*v - 8. Let u be o(d). What is the greatest common divisor of 308 and u?
28
Suppose -204 = -4*b + 148. Suppose g + 15 = w, -4*w - 4*g - 2 = -78. Suppose -c + 3*u + 8 = 0, 3*c - 41 + w = u. Calculate the highest common factor of b and c.
8
Suppose -x + 5 = -2. Let h be (-72)/90 - (-537)/15. Calculate the greatest common factor of x and h.
7
Let m(w) = -w - 7. Let k be m(-4). Let t(x) = 5*x + 6*x**2 - x**2 + 4*x + 4 - 11*x. Let y be t(k). Calculate the highest common factor of 5 and y.
5
Let m(y) = 68*y - 64. Let o be m(5). What is the greatest common divisor of 23 and o?
23
Let m be ((-12)/(-9))/(4/84). Suppose 0 = 4*v - 5*q - 21, 2*v - 9 - 3 = 4*q. Calculate the greatest common factor of m and v.
4
Let v = 86 - 114. Let y be (5/((-105)/(-36)))/((-8)/v). Let q = 111 + -45. What is the greatest common divisor of q and y?
6
Let i be (30 - 2)*(-30)/(-8). Let c be 2/10 - 209/(-5). What is the highest common factor of c and i?
21
Suppose 2*s = -2*z + 182, 152*z = 151*z + s + 85. Let p be (-45)/(-4) + (-1)/4. Calculate the greatest common factor of p and z.
11
Let d(s) = s**3 - 2*s**2 + s + 3. Let k be d(0). Suppose 5*b + k*j - 77 = 2*j, -4*j = -4*b + 76. Calculate the greatest common divisor of b and 2.
2
Let c be 152/16*(3 + -1). Let a(u) = -u**3 + 20*u**2 - 14*u - 14. Let v be a(c). What is the greatest common divisor of 9 and v?
9
Let m(d) = -2*d**2 - d + 12. Let n(r) = -4*r**2 - 2*r + 23. Let c(x) = 11*m(x) - 6*n(x). Let k be c(-4). What is the highest common divisor of k and 2?
2
Let w(s) = 51*s + 2. Let r be w(18). Calculate the highest common factor of r and 40.
40
Let h be (-9)/(2/(-26) + 0). Let l(z) = -2*z**2 - 32*z + 1453. Let b be l(-36). Calculate the highest common divisor of b and h.
13
Let t(c) = 9 + 3*c**2 - 120*c + 106*c - 4*c**2. Let d be t(-10). Calculate the greatest common divisor of 196 and d.
49
Let q be 3*-1 + (66 - 17). Calculate the highest common factor of 943 and q.
23
Let r(h) = 2*h + 2. Let c be r(3). Suppose -5*l - 15 = 0, -2*l + 72 = -w + 3*w. Let g be 520/w*(-24)/(-10). What is the highest common factor of c and g?
8
Suppose -3*a + 3*j = 6*j - 435, -5*a - 2*j + 725 = 0. Let d = a - 24. Calculate the greatest common divisor of 11 and d.
11
Let j = -31 - -150. Calculate the greatest common factor of 187 and j.
17
Let l(s) = s + 2. Let o be l(2). Suppose o*b = -v + 26, 2*b + 2*v = -v + 18. Suppose 8*x - 1157 = -54*x - 413. Calculate the highest common divisor of b and x.
6
Let k(y) = -y**3 - 7*y**2 - 20*y + 4. Let g be k(-6). Calculate the highest common factor of g and 132.
44
Let p = 76 - 45. Let n(u) = 3*u + 17. Let j be n(15). What is the greatest common divisor of j and p?
31
Let y = 203 + -201. Let f(i) = i**3 + 2. Let r be f(0). Suppose -r = 2*w - 18. Calculate the highest common factor of w and y.
2
Suppose -5*b + 227 = -48. Suppose -3*u = p - 35, 5*u - p = p + 62. Let t = -7 + u. Calculate the highest common divisor of t and b.
5
Let j = 38 + -88. Let a be (-2)/4 - j/4. Let z(x) = x**2 - 27*x + 2. Let b be z(28). What is the highest common divisor of a and b?
6
Suppose -4*q - 4*z + 84 = 0, 4*q + 2*z - 82 = -3*z. Suppose -9*b + 209 = -619. What is the greatest common factor of b and q?
23
Let g be ((-3)/(-5))/(8/40). Suppose g*o + 6 = 0, -4*o + 6*o + 565 = 3*n. Calculate the greatest common factor of 17 and n.
17
Let i = 223 - 154. What is the greatest common divisor of 138 and i?
69
Suppose 0 = -3*j - 5*d + 27, -3*d - 3 = -4*d. Suppose -j = 5*s - 5*v - 19, -3*v = s - 15. What is the highest common divisor of s and 6?
6
Let c(p) = 8*p - 37. Let o be (77/(-21))/(-11) + 40/6. Let n be c(o). Calculate the greatest common divisor of n and 152.
19
Let g be 9/(-2)*4/(-3). Let v(o) = 2*o - 8. Let r = -96 - -102. Let a be v(r). Calculate the greatest common divisor of a and g.
2
Let v be 97/9 + (-22)/(-99). What is the highest common factor of 88 and v?
11
Suppose 0 = c + 4*c. Suppose -d - q + 87 = c, 2 + 2 = -4*q. Calculate the highest common factor of 11 and d.
11
Let d = -218 - -348. Let l = d - 78. Calculate the greatest common factor of 4 and l.
4
Let w = -48 + 57. What is the greatest common divisor of w and 33?
3
Suppose -4*h - 2*g + 2018 = 0, -2*g - 68 = -3*h + 1442. Calculate the highest common factor of 224 and h.
56
Suppose 0 = -2*n - 178 + 708. Let l = -250 - -356. What is the highest common divisor of l and n?
53
Suppose 5*w - 4*w - 7 = 0. Calculate the greatest common divisor of 63 and w.
7
Let a(c) = -c**3 + 5*c**2 + c - 6. Let p be a(3). Let w(j) = -j**3 - 5*j**2 + 8*j - 17. Let l be w(-7). What is the greatest common factor of l and p?
5
Let m = -2589 - -2599. Suppose 4*z + 180 = 6*i - 2*i, -5*i + 255 = z. What is the highest common divisor of i and m?
10
Let s(a) = a**2 + 8*a - 12. Let l be s(7). Let j = l - 63. Suppose -5*v - 5 = 0, 3*b = 8*b - 4*v - 104. Calculate the greatest common factor of b and j.
10
Let l(v) = v**2 - 1. Let u be l(1). Let j(w) = -w**3 + 2*w + 3. Let z be j(u). Let d = z - 1. Calculate the greatest common factor of 22 and d.
2
Suppose -751*y + 754*y - 168 = 0. What is the highest common factor of y and 488?
8
Let n be 2/5 + 278/5. Let x be (-8)/(-16)*(1 - 3). Let k(w) = -7*w. Let b be k(x). What is the highest common divisor of n and b?
7
Suppose -l - 6 = 13. Let s = -5 - l. Calculate the highest common factor of 7 and s.
7
Let t = -1302 + 1364. Calculate the greatest common divisor of 1984 and t.
62
Suppose 42*o - 45*o + 198 = 0. Calculate the greatest common factor of o and 44.
22
Suppose 5*r = -2*z + 744, -4*z + 41 + 263 = 2*r. What is the greatest common factor of r and 111?
37
Suppose -3 = 2*t + 3. Let g be ((-1)/2)/(t/36). Let x(q) = q**2 - 6*q + 5. Let f be x(g). What is the greatest common di